{"id":173,"date":"2023-03-16T18:15:25","date_gmt":"2023-03-16T17:15:25","guid":{"rendered":"http:\/\/apirent06.com\/?page_id=173"},"modified":"2023-04-27T11:28:28","modified_gmt":"2023-04-27T09:28:28","slug":"gestion","status":"publish","type":"page","link":"https:\/\/apirent06.com\/index.php\/gestion\/","title":{"rendered":"Gestion"},"content":{"rendered":"\t\t<div data-elementor-type=\"wp-page\" data-elementor-id=\"173\" class=\"elementor elementor-173\">\n\t\t\t\t\t\t\t\t\t<section class=\"elementor-section elementor-top-section elementor-element elementor-element-f25ddfc elementor-section-boxed elementor-section-height-default elementor-section-height-default\" data-id=\"f25ddfc\" data-element_type=\"section\">\n\t\t\t\t\t\t<div class=\"elementor-container elementor-column-gap-default\">\n\t\t\t\t\t<div class=\"elementor-column elementor-col-100 elementor-top-column elementor-element elementor-element-a4de212\" data-id=\"a4de212\" data-element_type=\"column\">\n\t\t\t<div class=\"elementor-widget-wrap elementor-element-populated\">\n\t\t\t\t\t\t\t\t<div class=\"elementor-element elementor-element-c115776 elementor-widget elementor-widget-heading\" data-id=\"c115776\" data-element_type=\"widget\" data-widget_type=\"heading.default\">\n\t\t\t\t<div class=\"elementor-widget-container\">\n\t\t\t<style>\/*! elementor - v3.15.0 - 20-08-2023 *\/\n.elementor-heading-title{padding:0;margin:0;line-height:1}.elementor-widget-heading .elementor-heading-title[class*=elementor-size-]>a{color:inherit;font-size:inherit;line-height:inherit}.elementor-widget-heading .elementor-heading-title.elementor-size-small{font-size:15px}.elementor-widget-heading .elementor-heading-title.elementor-size-medium{font-size:19px}.elementor-widget-heading .elementor-heading-title.elementor-size-large{font-size:29px}.elementor-widget-heading .elementor-heading-title.elementor-size-xl{font-size:39px}.elementor-widget-heading .elementor-heading-title.elementor-size-xxl{font-size:59px}<\/style><h1 class=\"elementor-heading-title elementor-size-default\">Nous cr\u00e9ons et g\u00e9rons pour vous <\/h1>\t\t<\/div>\n\t\t\t\t<\/div>\n\t\t\t\t\t<\/div>\n\t\t<\/div>\n\t\t\t\t\t\t\t<\/div>\n\t\t<\/section>\n\t\t\t\t<section class=\"elementor-section elementor-top-section elementor-element elementor-element-00cbe67 elementor-section-boxed elementor-section-height-default elementor-section-height-default\" data-id=\"00cbe67\" data-element_type=\"section\">\n\t\t\t\t\t\t<div class=\"elementor-container elementor-column-gap-default\">\n\t\t\t\t\t<div class=\"elementor-column elementor-col-50 elementor-top-column elementor-element elementor-element-696cb9c\" data-id=\"696cb9c\" data-element_type=\"column\">\n\t\t\t<div class=\"elementor-widget-wrap elementor-element-populated\">\n\t\t\t\t\t\t\t\t<div class=\"elementor-element elementor-element-6270f62 elementor-widget elementor-widget-text-editor\" data-id=\"6270f62\" data-element_type=\"widget\" data-widget_type=\"text-editor.default\">\n\t\t\t\t<div class=\"elementor-widget-container\">\n\t\t\t<style>\/*! elementor - v3.15.0 - 20-08-2023 *\/\n.elementor-widget-text-editor.elementor-drop-cap-view-stacked .elementor-drop-cap{background-color:#69727d;color:#fff}.elementor-widget-text-editor.elementor-drop-cap-view-framed .elementor-drop-cap{color:#69727d;border:3px solid;background-color:transparent}.elementor-widget-text-editor:not(.elementor-drop-cap-view-default) .elementor-drop-cap{margin-top:8px}.elementor-widget-text-editor:not(.elementor-drop-cap-view-default) .elementor-drop-cap-letter{width:1em;height:1em}.elementor-widget-text-editor .elementor-drop-cap{float:left;text-align:center;line-height:1;font-size:50px}.elementor-widget-text-editor .elementor-drop-cap-letter{display:inline-block}<\/style>\t\t\t\t<ul><li>Cr\u00e9ation de votre annonce<\/li><li>Un shooting photo offert<\/li><li>Une visibilit\u00e9 optimal sur les sites de r\u00e9servations gr\u00e2ce nos avis\u00a0<\/li><li>Mise \u00e0 jour des tarifs selon les p\u00e9riodes sur le planning<\/li><li>Visibilit\u00e9 sur les r\u00e9seaux sociaux<\/li><\/ul>\t\t\t\t\t\t<\/div>\n\t\t\t\t<\/div>\n\t\t\t\t\t<\/div>\n\t\t<\/div>\n\t\t\t\t<div class=\"elementor-column elementor-col-50 elementor-top-column elementor-element elementor-element-d4211fb\" data-id=\"d4211fb\" data-element_type=\"column\">\n\t\t\t<div class=\"elementor-widget-wrap elementor-element-populated\">\n\t\t\t\t\t\t\t\t<div class=\"elementor-element elementor-element-399b0f4 elementor-widget elementor-widget-image\" data-id=\"399b0f4\" data-element_type=\"widget\" data-widget_type=\"image.default\">\n\t\t\t\t<div class=\"elementor-widget-container\">\n\t\t\t<style>\/*! elementor - v3.15.0 - 20-08-2023 *\/\n.elementor-widget-image{text-align:center}.elementor-widget-image a{display:inline-block}.elementor-widget-image a img[src$=\".svg\"]{width:48px}.elementor-widget-image img{vertical-align:middle;display:inline-block}<\/style>\t\t\t\t\t\t\t\t\t\t\t\t<img loading=\"lazy\" decoding=\"async\" width=\"768\" height=\"512\" src=\"https:\/\/apirent06.com\/wp-content\/uploads\/2023\/03\/jeshoots-com-LtNvQHdKkmw-unsplash-1-768x512.jpg\" class=\"attachment-medium_large size-medium_large wp-image-209\" alt=\"api rent conciergerie\" srcset=\"https:\/\/apirent06.com\/wp-content\/uploads\/2023\/03\/jeshoots-com-LtNvQHdKkmw-unsplash-1-768x512.jpg 768w, https:\/\/apirent06.com\/wp-content\/uploads\/2023\/03\/jeshoots-com-LtNvQHdKkmw-unsplash-1-300x200.jpg 300w, https:\/\/apirent06.com\/wp-content\/uploads\/2023\/03\/jeshoots-com-LtNvQHdKkmw-unsplash-1-1024x683.jpg 1024w, https:\/\/apirent06.com\/wp-content\/uploads\/2023\/03\/jeshoots-com-LtNvQHdKkmw-unsplash-1-1536x1024.jpg 1536w, https:\/\/apirent06.com\/wp-content\/uploads\/2023\/03\/jeshoots-com-LtNvQHdKkmw-unsplash-1-2048x1365.jpg 2048w\" sizes=\"auto, (max-width: 768px) 100vw, 768px\" \/>\t\t\t\t\t\t\t\t\t\t\t\t\t\t\t<\/div>\n\t\t\t\t<\/div>\n\t\t\t\t\t<\/div>\n\t\t<\/div>\n\t\t\t\t\t\t\t<\/div>\n\t\t<\/section>\n\t\t\t\t<section class=\"elementor-section elementor-top-section elementor-element elementor-element-f3e38d6 elementor-section-boxed elementor-section-height-default elementor-section-height-default\" data-id=\"f3e38d6\" data-element_type=\"section\">\n\t\t\t\t\t\t<div class=\"elementor-container elementor-column-gap-default\">\n\t\t\t\t\t<div class=\"elementor-column elementor-col-100 elementor-top-column elementor-element elementor-element-6046b16\" data-id=\"6046b16\" data-element_type=\"column\">\n\t\t\t<div class=\"elementor-widget-wrap elementor-element-populated\">\n\t\t\t\t\t\t\t\t<div class=\"elementor-element elementor-element-45a16f3 elementor-widget elementor-widget-heading\" data-id=\"45a16f3\" data-element_type=\"widget\" data-widget_type=\"heading.default\">\n\t\t\t\t<div class=\"elementor-widget-container\">\n\t\t\t<h2 class=\"elementor-heading-title elementor-size-default\">Une qualit\u00e9 de Gestion en toute TRANSPARENCE <br>pour vous             Propri\u00e9taires HEUREUX<\/h2>\t\t<\/div>\n\t\t\t\t<\/div>\n\t\t\t\t<div class=\"elementor-element elementor-element-d3dda1b elementor-widget elementor-widget-text-editor\" data-id=\"d3dda1b\" data-element_type=\"widget\" data-widget_type=\"text-editor.default\">\n\t\t\t\t<div class=\"elementor-widget-container\">\n\t\t\t\t\t\t\t<p>Versement de vos<em> revenus locatifs<\/em> en moins de 7 jours!<\/p><p><em><strong>Optimisation<\/strong> <\/em>des prix selon les p\u00e9riodes pour un rendement maximal<\/p>\t\t\t\t\t\t<\/div>\n\t\t\t\t<\/div>\n\t\t\t\t\t<\/div>\n\t\t<\/div>\n\t\t\t\t\t\t\t<\/div>\n\t\t<\/section>\n\t\t\t\t\t\t\t<\/div>\n\t\t","protected":false},"excerpt":{"rendered":"<p>Nous cr\u00e9ons et g\u00e9rons pour vous Cr\u00e9ation de votre annonce Un shooting photo offert Une visibilit\u00e9 optimal sur les sites de r\u00e9servations gr\u00e2ce nos avis&nbsp; Mise \u00e0 jour des tarifs &#8230;<\/p>\n","protected":false},"author":1,"featured_media":0,"parent":0,"menu_order":0,"comment_status":"closed","ping_status":"closed","template":"template-fullwidth.php","meta":{"footnotes":""},"class_list":["post-173","page","type-page","status-publish","hentry"],"yoast_head":"<!-- This site is optimized with the Yoast SEO plugin v21.0 - https:\/\/yoast.com\/wordpress\/plugins\/seo\/ -->\n<title>API RENT Conciergerie 06 Gestion<\/title>\n<meta name=\"description\" content=\"Api Rent Conciergerie C\u00f4te d&#039;Azur Gestion Services Rentabilit\u00e9 La conciergerie des Propri\u00e9taires Heureux ;)\" \/>\n<meta name=\"robots\" content=\"index, follow, max-snippet:-1, max-image-preview:large, max-video-preview:-1\" \/>\n<link rel=\"canonical\" href=\"http:\/\/apirent06.com\/index.php\/gestion\/\" \/>\n<meta property=\"og:locale\" content=\"en_US\" \/>\n<meta property=\"og:type\" content=\"article\" \/>\n<meta property=\"og:title\" content=\"API RENT Conciergerie 06 Gestion\" \/>\n<meta property=\"og:description\" content=\"Api Rent Conciergerie C\u00f4te d&#039;Azur Gestion Services Rentabilit\u00e9 La conciergerie des Propri\u00e9taires Heureux ;)\" \/>\n<meta property=\"og:url\" content=\"http:\/\/apirent06.com\/index.php\/gestion\/\" \/>\n<meta property=\"og:site_name\" content=\"API RENT\" \/>\n<meta property=\"article:modified_time\" content=\"2023-04-27T09:28:28+00:00\" \/>\n<meta property=\"og:image\" content=\"http:\/\/apirent06.com\/wp-content\/uploads\/2023\/03\/jeshoots-com-LtNvQHdKkmw-unsplash-1-768x512.jpg\" \/>\n<meta name=\"twitter:card\" content=\"summary_large_image\" \/>\n<meta name=\"twitter:label1\" content=\"Est. reading time\" \/>\n\t<meta name=\"twitter:data1\" content=\"1 minute\" \/>\n<script type=\"application\/ld+json\" class=\"yoast-schema-graph\">{\"@context\":\"https:\/\/schema.org\",\"@graph\":[{\"@type\":\"WebPage\",\"@id\":\"http:\/\/apirent06.com\/index.php\/gestion\/\",\"url\":\"http:\/\/apirent06.com\/index.php\/gestion\/\",\"name\":\"API RENT Conciergerie 06 Gestion\",\"isPartOf\":{\"@id\":\"http:\/\/apirent06.com\/#website\"},\"datePublished\":\"2023-03-16T17:15:25+00:00\",\"dateModified\":\"2023-04-27T09:28:28+00:00\",\"description\":\"Api Rent Conciergerie C\u00f4te d'Azur Gestion Services Rentabilit\u00e9 La conciergerie des Propri\u00e9taires Heureux ;)\",\"breadcrumb\":{\"@id\":\"http:\/\/apirent06.com\/index.php\/gestion\/#breadcrumb\"},\"inLanguage\":\"en-US\",\"potentialAction\":[{\"@type\":\"ReadAction\",\"target\":[\"http:\/\/apirent06.com\/index.php\/gestion\/\"]}]},{\"@type\":\"BreadcrumbList\",\"@id\":\"http:\/\/apirent06.com\/index.php\/gestion\/#breadcrumb\",\"itemListElement\":[{\"@type\":\"ListItem\",\"position\":1,\"name\":\"Accueil\",\"item\":\"http:\/\/apirent06.com\/\"},{\"@type\":\"ListItem\",\"position\":2,\"name\":\"Gestion\"}]},{\"@type\":\"WebSite\",\"@id\":\"http:\/\/apirent06.com\/#website\",\"url\":\"http:\/\/apirent06.com\/\",\"name\":\"API RENT\",\"description\":\"API RENT Conciergerie C\u00f4te d&#039;Azur\",\"publisher\":{\"@id\":\"http:\/\/apirent06.com\/#organization\"},\"alternateName\":\"API RENT\",\"potentialAction\":[{\"@type\":\"SearchAction\",\"target\":{\"@type\":\"EntryPoint\",\"urlTemplate\":\"http:\/\/apirent06.com\/?s={search_term_string}\"},\"query-input\":\"required name=search_term_string\"}],\"inLanguage\":\"en-US\"},{\"@type\":\"Organization\",\"@id\":\"http:\/\/apirent06.com\/#organization\",\"name\":\"API RENT Conciergerie\",\"alternateName\":\"API RENT\",\"url\":\"http:\/\/apirent06.com\/\",\"logo\":{\"@type\":\"ImageObject\",\"inLanguage\":\"en-US\",\"@id\":\"http:\/\/apirent06.com\/#\/schema\/logo\/image\/\",\"url\":\"http:\/\/apirent06.com\/wp-content\/uploads\/2023\/03\/logo-400x400-1.png\",\"contentUrl\":\"http:\/\/apirent06.com\/wp-content\/uploads\/2023\/03\/logo-400x400-1.png\",\"width\":400,\"height\":400,\"caption\":\"API RENT Conciergerie\"},\"image\":{\"@id\":\"http:\/\/apirent06.com\/#\/schema\/logo\/image\/\"}}]}<\/script>\n<!-- \/ Yoast SEO plugin. -->","yoast_head_json":{"title":"API RENT Conciergerie 06 Gestion","description":"Api Rent Conciergerie C\u00f4te d'Azur Gestion Services Rentabilit\u00e9 La conciergerie des Propri\u00e9taires Heureux ;)","robots":{"index":"index","follow":"follow","max-snippet":"max-snippet:-1","max-image-preview":"max-image-preview:large","max-video-preview":"max-video-preview:-1"},"canonical":"http:\/\/apirent06.com\/index.php\/gestion\/","og_locale":"en_US","og_type":"article","og_title":"API RENT Conciergerie 06 Gestion","og_description":"Api Rent Conciergerie C\u00f4te d'Azur Gestion Services Rentabilit\u00e9 La conciergerie des Propri\u00e9taires Heureux ;)","og_url":"http:\/\/apirent06.com\/index.php\/gestion\/","og_site_name":"API RENT","article_modified_time":"2023-04-27T09:28:28+00:00","og_image":[{"url":"http:\/\/apirent06.com\/wp-content\/uploads\/2023\/03\/jeshoots-com-LtNvQHdKkmw-unsplash-1-768x512.jpg"}],"twitter_card":"summary_large_image","twitter_misc":{"Est. reading time":"1 minute"},"schema":{"@context":"https:\/\/schema.org","@graph":[{"@type":"WebPage","@id":"http:\/\/apirent06.com\/index.php\/gestion\/","url":"http:\/\/apirent06.com\/index.php\/gestion\/","name":"API RENT Conciergerie 06 Gestion","isPartOf":{"@id":"http:\/\/apirent06.com\/#website"},"datePublished":"2023-03-16T17:15:25+00:00","dateModified":"2023-04-27T09:28:28+00:00","description":"Api Rent Conciergerie C\u00f4te d'Azur Gestion Services Rentabilit\u00e9 La conciergerie des Propri\u00e9taires Heureux ;)","breadcrumb":{"@id":"http:\/\/apirent06.com\/index.php\/gestion\/#breadcrumb"},"inLanguage":"en-US","potentialAction":[{"@type":"ReadAction","target":["http:\/\/apirent06.com\/index.php\/gestion\/"]}]},{"@type":"BreadcrumbList","@id":"http:\/\/apirent06.com\/index.php\/gestion\/#breadcrumb","itemListElement":[{"@type":"ListItem","position":1,"name":"Accueil","item":"http:\/\/apirent06.com\/"},{"@type":"ListItem","position":2,"name":"Gestion"}]},{"@type":"WebSite","@id":"http:\/\/apirent06.com\/#website","url":"http:\/\/apirent06.com\/","name":"API RENT","description":"API RENT Conciergerie C\u00f4te d&#039;Azur","publisher":{"@id":"http:\/\/apirent06.com\/#organization"},"alternateName":"API RENT","potentialAction":[{"@type":"SearchAction","target":{"@type":"EntryPoint","urlTemplate":"http:\/\/apirent06.com\/?s={search_term_string}"},"query-input":"required name=search_term_string"}],"inLanguage":"en-US"},{"@type":"Organization","@id":"http:\/\/apirent06.com\/#organization","name":"API RENT Conciergerie","alternateName":"API RENT","url":"http:\/\/apirent06.com\/","logo":{"@type":"ImageObject","inLanguage":"en-US","@id":"http:\/\/apirent06.com\/#\/schema\/logo\/image\/","url":"http:\/\/apirent06.com\/wp-content\/uploads\/2023\/03\/logo-400x400-1.png","contentUrl":"http:\/\/apirent06.com\/wp-content\/uploads\/2023\/03\/logo-400x400-1.png","width":400,"height":400,"caption":"API RENT Conciergerie"},"image":{"@id":"http:\/\/apirent06.com\/#\/schema\/logo\/image\/"}}]}},"_links":{"self":[{"href":"https:\/\/apirent06.com\/index.php\/wp-json\/wp\/v2\/pages\/173","targetHints":{"allow":["GET"]}}],"collection":[{"href":"https:\/\/apirent06.com\/index.php\/wp-json\/wp\/v2\/pages"}],"about":[{"href":"https:\/\/apirent06.com\/index.php\/wp-json\/wp\/v2\/types\/page"}],"author":[{"embeddable":true,"href":"https:\/\/apirent06.com\/index.php\/wp-json\/wp\/v2\/users\/1"}],"replies":[{"embeddable":true,"href":"https:\/\/apirent06.com\/index.php\/wp-json\/wp\/v2\/comments?post=173"}],"version-history":[{"count":30,"href":"https:\/\/apirent06.com\/index.php\/wp-json\/wp\/v2\/pages\/173\/revisions"}],"predecessor-version":[{"id":422,"href":"https:\/\/apirent06.com\/index.php\/wp-json\/wp\/v2\/pages\/173\/revisions\/422"}],"wp:attachment":[{"href":"https:\/\/apirent06.com\/index.php\/wp-json\/wp\/v2\/media?parent=173"}],"curies":[{"name":"wp","href":"https:\/\/api.w.org\/{rel}","templated":true}]}}