{"id":256,"date":"2023-03-19T14:49:57","date_gmt":"2023-03-19T13:49:57","guid":{"rendered":"http:\/\/apirent06.com\/?page_id=256"},"modified":"2023-03-19T15:04:27","modified_gmt":"2023-03-19T14:04:27","slug":"estimez-votre-bien","status":"publish","type":"page","link":"https:\/\/apirent06.com\/index.php\/estimez-votre-bien\/","title":{"rendered":"Estimez votre bien"},"content":{"rendered":"<div class=\"wpforms-container wpforms-container-full\" id=\"wpforms-251\"><form id=\"wpforms-form-251\" class=\"wpforms-validate wpforms-form wpforms-ajax-form\" data-formid=\"251\" method=\"post\" enctype=\"multipart\/form-data\" action=\"\/index.php\/wp-json\/wp\/v2\/pages\/256\" data-token=\"da0c89eb18baef49da63818478c23bc0\"><noscript class=\"wpforms-error-noscript\">Please enable JavaScript in your browser to complete this form.<\/noscript><div class=\"wpforms-field-container\"><div id=\"wpforms-251-field_1-container\" class=\"wpforms-field wpforms-field-name\" data-field-id=\"1\"><label class=\"wpforms-field-label\" for=\"wpforms-251-field_1\">Nom Pr\u00e9nom <span class=\"wpforms-required-label\">*<\/span><\/label><input type=\"text\" id=\"wpforms-251-field_1\" class=\"wpforms-field-medium wpforms-field-required\" name=\"wpforms[fields][1]\" required><\/div><div id=\"wpforms-251-field_6-container\" class=\"wpforms-field wpforms-field-text\" data-field-id=\"6\"><label class=\"wpforms-field-label\" for=\"wpforms-251-field_6\">T\u00e9l\u00e9phone<\/label><input type=\"text\" id=\"wpforms-251-field_6\" class=\"wpforms-field-medium\" name=\"wpforms[fields][6]\" ><\/div><div id=\"wpforms-251-field_2-container\" class=\"wpforms-field wpforms-field-email\" data-field-id=\"2\"><label class=\"wpforms-field-label\" for=\"wpforms-251-field_2\">E-mail <span class=\"wpforms-required-label\">*<\/span><\/label><input type=\"email\" id=\"wpforms-251-field_2\" class=\"wpforms-field-medium wpforms-field-required\" name=\"wpforms[fields][2]\" spellcheck=\"false\" required><\/div><div id=\"wpforms-251-field_3-container\" class=\"wpforms-field wpforms-field-text\" data-field-id=\"3\"><label class=\"wpforms-field-label\" for=\"wpforms-251-field_3\">Indiquez Nous votre Emplacement<\/label><input type=\"text\" id=\"wpforms-251-field_3\" class=\"wpforms-field-medium\" name=\"wpforms[fields][3]\" ><\/div><div id=\"wpforms-251-field_4-container\" class=\"wpforms-field wpforms-field-radio\" data-field-id=\"4\"><ul id=\"wpforms-251-field_4\" class=\"wpforms-randomize\"><li class=\"choice-1 depth-1\"><input type=\"radio\" id=\"wpforms-251-field_4_1\" name=\"wpforms[fields][4]\" value=\"2 Couchages\"  ><label class=\"wpforms-field-label-inline\" for=\"wpforms-251-field_4_1\">2 Couchages<\/label><\/li><li class=\"choice-2 depth-1\"><input type=\"radio\" id=\"wpforms-251-field_4_2\" name=\"wpforms[fields][4]\" value=\"4 Couchages\"  ><label class=\"wpforms-field-label-inline\" for=\"wpforms-251-field_4_2\">4 Couchages<\/label><\/li><li class=\"choice-3 depth-1\"><input type=\"radio\" id=\"wpforms-251-field_4_3\" name=\"wpforms[fields][4]\" value=\"6 Couchages et +\"  ><label class=\"wpforms-field-label-inline\" for=\"wpforms-251-field_4_3\">6 Couchages et +<\/label><\/li><\/ul><\/div><div id=\"wpforms-251-field_5-container\" class=\"wpforms-field wpforms-field-textarea\" data-field-id=\"5\"><label class=\"wpforms-field-label\" for=\"wpforms-251-field_5\">indiquez nous vos besoins<\/label><textarea id=\"wpforms-251-field_5\" class=\"wpforms-field-medium\" name=\"wpforms[fields][5]\" ><\/textarea><\/div><\/div><!-- .wpforms-field-container --><div class=\"wpforms-submit-container\" ><input type=\"hidden\" name=\"wpforms[id]\" value=\"251\"><input type=\"hidden\" name=\"wpforms[author]\" value=\"1\"><button type=\"submit\" name=\"wpforms[submit]\" id=\"wpforms-submit-251\" class=\"wpforms-submit\" data-alt-text=\"Envoi...\" data-submit-text=\"Envoyer\" aria-live=\"assertive\" value=\"wpforms-submit\">Envoyer<\/button><img loading=\"lazy\" decoding=\"async\" src=\"https:\/\/apirent06.com\/wp-content\/plugins\/wpforms-lite\/assets\/images\/submit-spin.svg\" class=\"wpforms-submit-spinner\" style=\"display: none;\" width=\"26\" height=\"26\" alt=\"Loading\"><\/div><\/form><\/div>  <!-- .wpforms-container -->\n","protected":false},"excerpt":{"rendered":"","protected":false},"author":1,"featured_media":0,"parent":0,"menu_order":0,"comment_status":"closed","ping_status":"closed","template":"template-fullwidth.php","meta":{"footnotes":""},"class_list":["post-256","page","type-page","status-publish","hentry"],"yoast_head":"<!-- This site is optimized with the Yoast SEO plugin v21.0 - https:\/\/yoast.com\/wordpress\/plugins\/seo\/ -->\n<title>API RENT 06 Estimez votre bien<\/title>\n<meta name=\"description\" content=\"Api Rent Conciergerie C\u00f4te d&#039;Azur Gestion Services Rentabilit\u00e9 Professionnelle Estimez vos biens en toute Nous cr\u00e9ons et g\u00e9rons pour vous\" \/>\n<meta name=\"robots\" content=\"index, follow, max-snippet:-1, max-image-preview:large, max-video-preview:-1\" \/>\n<link rel=\"canonical\" href=\"https:\/\/apirent06.com\/index.php\/estimez-votre-bien\/\" \/>\n<meta property=\"og:locale\" content=\"en_US\" \/>\n<meta property=\"og:type\" content=\"article\" \/>\n<meta property=\"og:title\" content=\"API RENT 06 Estimez votre bien\" \/>\n<meta property=\"og:description\" content=\"Api Rent Conciergerie C\u00f4te d&#039;Azur Gestion Services Rentabilit\u00e9 Professionnelle Estimez vos biens en toute Nous cr\u00e9ons et g\u00e9rons pour vous\" \/>\n<meta property=\"og:url\" content=\"https:\/\/apirent06.com\/index.php\/estimez-votre-bien\/\" \/>\n<meta property=\"og:site_name\" content=\"API RENT\" \/>\n<meta property=\"article:modified_time\" content=\"2023-03-19T14:04:27+00:00\" \/>\n<meta property=\"og:image\" content=\"https:\/\/apirent06.com\/wp-content\/uploads\/2023\/03\/logo-300x300-1.png\" \/>\n\t<meta property=\"og:image:width\" content=\"300\" \/>\n\t<meta property=\"og:image:height\" content=\"300\" \/>\n\t<meta property=\"og:image:type\" content=\"image\/png\" \/>\n<meta name=\"twitter:card\" content=\"summary_large_image\" \/>\n<meta name=\"twitter:label1\" content=\"Est. reading time\" \/>\n\t<meta name=\"twitter:data1\" content=\"1 minute\" \/>\n<script type=\"application\/ld+json\" class=\"yoast-schema-graph\">{\"@context\":\"https:\/\/schema.org\",\"@graph\":[{\"@type\":\"WebPage\",\"@id\":\"https:\/\/apirent06.com\/index.php\/estimez-votre-bien\/\",\"url\":\"https:\/\/apirent06.com\/index.php\/estimez-votre-bien\/\",\"name\":\"API RENT 06 Estimez votre bien\",\"isPartOf\":{\"@id\":\"http:\/\/apirent06.com\/#website\"},\"datePublished\":\"2023-03-19T13:49:57+00:00\",\"dateModified\":\"2023-03-19T14:04:27+00:00\",\"description\":\"Api Rent Conciergerie C\u00f4te d'Azur Gestion Services Rentabilit\u00e9 Professionnelle Estimez vos biens en toute Nous cr\u00e9ons et g\u00e9rons pour vous\",\"breadcrumb\":{\"@id\":\"https:\/\/apirent06.com\/index.php\/estimez-votre-bien\/#breadcrumb\"},\"inLanguage\":\"en-US\",\"potentialAction\":[{\"@type\":\"ReadAction\",\"target\":[\"https:\/\/apirent06.com\/index.php\/estimez-votre-bien\/\"]}]},{\"@type\":\"BreadcrumbList\",\"@id\":\"https:\/\/apirent06.com\/index.php\/estimez-votre-bien\/#breadcrumb\",\"itemListElement\":[{\"@type\":\"ListItem\",\"position\":1,\"name\":\"Accueil\",\"item\":\"http:\/\/apirent06.com\/\"},{\"@type\":\"ListItem\",\"position\":2,\"name\":\"Estimez votre bien\"}]},{\"@type\":\"WebSite\",\"@id\":\"http:\/\/apirent06.com\/#website\",\"url\":\"http:\/\/apirent06.com\/\",\"name\":\"API RENT\",\"description\":\"API RENT Conciergerie C\u00f4te d&#039;Azur\",\"publisher\":{\"@id\":\"http:\/\/apirent06.com\/#organization\"},\"alternateName\":\"API RENT\",\"potentialAction\":[{\"@type\":\"SearchAction\",\"target\":{\"@type\":\"EntryPoint\",\"urlTemplate\":\"http:\/\/apirent06.com\/?s={search_term_string}\"},\"query-input\":\"required name=search_term_string\"}],\"inLanguage\":\"en-US\"},{\"@type\":\"Organization\",\"@id\":\"http:\/\/apirent06.com\/#organization\",\"name\":\"API RENT Conciergerie\",\"alternateName\":\"API RENT\",\"url\":\"http:\/\/apirent06.com\/\",\"logo\":{\"@type\":\"ImageObject\",\"inLanguage\":\"en-US\",\"@id\":\"http:\/\/apirent06.com\/#\/schema\/logo\/image\/\",\"url\":\"http:\/\/apirent06.com\/wp-content\/uploads\/2023\/03\/logo-400x400-1.png\",\"contentUrl\":\"http:\/\/apirent06.com\/wp-content\/uploads\/2023\/03\/logo-400x400-1.png\",\"width\":400,\"height\":400,\"caption\":\"API RENT Conciergerie\"},\"image\":{\"@id\":\"http:\/\/apirent06.com\/#\/schema\/logo\/image\/\"}}]}<\/script>\n<!-- \/ Yoast SEO plugin. -->","yoast_head_json":{"title":"API RENT 06 Estimez votre bien","description":"Api Rent Conciergerie C\u00f4te d'Azur Gestion Services Rentabilit\u00e9 Professionnelle Estimez vos biens en toute Nous cr\u00e9ons et g\u00e9rons pour vous","robots":{"index":"index","follow":"follow","max-snippet":"max-snippet:-1","max-image-preview":"max-image-preview:large","max-video-preview":"max-video-preview:-1"},"canonical":"https:\/\/apirent06.com\/index.php\/estimez-votre-bien\/","og_locale":"en_US","og_type":"article","og_title":"API RENT 06 Estimez votre bien","og_description":"Api Rent Conciergerie C\u00f4te d'Azur Gestion Services Rentabilit\u00e9 Professionnelle Estimez vos biens en toute Nous cr\u00e9ons et g\u00e9rons pour vous","og_url":"https:\/\/apirent06.com\/index.php\/estimez-votre-bien\/","og_site_name":"API RENT","article_modified_time":"2023-03-19T14:04:27+00:00","og_image":[{"width":300,"height":300,"url":"https:\/\/apirent06.com\/wp-content\/uploads\/2023\/03\/logo-300x300-1.png","type":"image\/png"}],"twitter_card":"summary_large_image","twitter_misc":{"Est. reading time":"1 minute"},"schema":{"@context":"https:\/\/schema.org","@graph":[{"@type":"WebPage","@id":"https:\/\/apirent06.com\/index.php\/estimez-votre-bien\/","url":"https:\/\/apirent06.com\/index.php\/estimez-votre-bien\/","name":"API RENT 06 Estimez votre bien","isPartOf":{"@id":"http:\/\/apirent06.com\/#website"},"datePublished":"2023-03-19T13:49:57+00:00","dateModified":"2023-03-19T14:04:27+00:00","description":"Api Rent Conciergerie C\u00f4te d'Azur Gestion Services Rentabilit\u00e9 Professionnelle Estimez vos biens en toute Nous cr\u00e9ons et g\u00e9rons pour vous","breadcrumb":{"@id":"https:\/\/apirent06.com\/index.php\/estimez-votre-bien\/#breadcrumb"},"inLanguage":"en-US","potentialAction":[{"@type":"ReadAction","target":["https:\/\/apirent06.com\/index.php\/estimez-votre-bien\/"]}]},{"@type":"BreadcrumbList","@id":"https:\/\/apirent06.com\/index.php\/estimez-votre-bien\/#breadcrumb","itemListElement":[{"@type":"ListItem","position":1,"name":"Accueil","item":"http:\/\/apirent06.com\/"},{"@type":"ListItem","position":2,"name":"Estimez votre bien"}]},{"@type":"WebSite","@id":"http:\/\/apirent06.com\/#website","url":"http:\/\/apirent06.com\/","name":"API RENT","description":"API RENT Conciergerie C\u00f4te d&#039;Azur","publisher":{"@id":"http:\/\/apirent06.com\/#organization"},"alternateName":"API RENT","potentialAction":[{"@type":"SearchAction","target":{"@type":"EntryPoint","urlTemplate":"http:\/\/apirent06.com\/?s={search_term_string}"},"query-input":"required name=search_term_string"}],"inLanguage":"en-US"},{"@type":"Organization","@id":"http:\/\/apirent06.com\/#organization","name":"API RENT Conciergerie","alternateName":"API RENT","url":"http:\/\/apirent06.com\/","logo":{"@type":"ImageObject","inLanguage":"en-US","@id":"http:\/\/apirent06.com\/#\/schema\/logo\/image\/","url":"http:\/\/apirent06.com\/wp-content\/uploads\/2023\/03\/logo-400x400-1.png","contentUrl":"http:\/\/apirent06.com\/wp-content\/uploads\/2023\/03\/logo-400x400-1.png","width":400,"height":400,"caption":"API RENT Conciergerie"},"image":{"@id":"http:\/\/apirent06.com\/#\/schema\/logo\/image\/"}}]}},"_links":{"self":[{"href":"https:\/\/apirent06.com\/index.php\/wp-json\/wp\/v2\/pages\/256","targetHints":{"allow":["GET"]}}],"collection":[{"href":"https:\/\/apirent06.com\/index.php\/wp-json\/wp\/v2\/pages"}],"about":[{"href":"https:\/\/apirent06.com\/index.php\/wp-json\/wp\/v2\/types\/page"}],"author":[{"embeddable":true,"href":"https:\/\/apirent06.com\/index.php\/wp-json\/wp\/v2\/users\/1"}],"replies":[{"embeddable":true,"href":"https:\/\/apirent06.com\/index.php\/wp-json\/wp\/v2\/comments?post=256"}],"version-history":[{"count":2,"href":"https:\/\/apirent06.com\/index.php\/wp-json\/wp\/v2\/pages\/256\/revisions"}],"predecessor-version":[{"id":259,"href":"https:\/\/apirent06.com\/index.php\/wp-json\/wp\/v2\/pages\/256\/revisions\/259"}],"wp:attachment":[{"href":"https:\/\/apirent06.com\/index.php\/wp-json\/wp\/v2\/media?parent=256"}],"curies":[{"name":"wp","href":"https:\/\/api.w.org\/{rel}","templated":true}]}}